s the tens digit of r?
8
Suppose -871915 = -172528*x + 172517*x. What is the units digit of x?
5
Suppose -8*t + 133 = -11. What is the tens digit of t - 20 - 25*-17?
2
Suppose 2*d - 26 = 230. Let h = -20 + d. What is the units digit of h?
8
Let u = 32175 - 18484. What is the tens digit of u?
9
Let g = -35 - -35. Let x(t) = t**3 + t**2 + 2*t + 53. What is the tens digit of x(g)?
5
Suppose 4*x + 63*x - 67593 - 1371701 = 0. What is the units digit of x?
2
Let p = 155190 - 98188. What is the ten thousands digit of p?
5
Suppose -5018734 - 2337978 = -328*r. What is the thousands digit of r?
2
Suppose 0 = -3*s - 1719 + 1737, -5*j - 3*s + 122053 = 0. What is the tens digit of j?
0
What is the hundreds digit of -4 - 13142*9/(-12)*(-4)/(-3)?
1
Let l be ((-448)/6)/((-13)/39). Suppose -l = -9*n + 5*n. Suppose n = 4*v - 464. What is the hundreds digit of v?
1
What is the ten thousands digit of 3 + 32/(-11) + (2 - (-8929455)/165)?
5
Suppose 10*n - 7*n - 8*n = 0. What is the hundreds digit of 3 + -5 - (-563 + n)?
5
Let p be 8 - 8 - 430/(-4 - -3). Suppose 8*u - 13*u + p = 0. What is the tens digit of u?
8
Suppose 2*g + 12280 = p, -49078 = p - 5*p + g. What is the ten thousands digit of p?
1
What is the tens digit of (223137/27 - (3 + -10)) + 2/(-6)?
7
Let v(d) = 10*d - 10 - 1 + 21*d. Let z be (-150 + 147)/(6/(-4)). What is the tens digit of v(z)?
5
Suppose 0*u - 2*u = -4. Suppose -u*d = 5*n + 10, d - 2*n - 4 = -2*d. Suppose -7*v + 163 + 341 = d. What is the tens digit of v?
7
Suppose 5*i - 80 + 25 = 0. Suppose -2767 = -i*p + 280. What is the units digit of p?
7
Let v = -2411 + 9924. What is the thousands digit of v?
7
Let y(t) = -32*t + 36. Let h be y(4). Let l = h - -96. What is the hundreds digit of -254*((-2)/l + 0/(-7))?
1
Let j be (-4662)/(-18)*18/21. Let g(a) = -a**2 + 3. Let v be g(0). Suppose 0*t - j = -v*t. What is the tens digit of t?
7
Suppose 2*p - 1051 = 4*q + 3713, 0 = 5*p - q - 11874. Suppose 3*t - p - 1717 = -4*h, -t + 4089 = 4*h. What is the hundreds digit of h?
0
Let l(n) = -3817*n**3 + 10*n**2 + 31*n - 1. Let s(g) = -763*g**3 + 2*g**2 + 6*g. Let v(r) = -2*l(r) + 11*s(r). What is the hundreds digit of v(-1)?
7
Suppose 5*j - 201190 = -5*h, 18 = 167*j - 164*j. What is the units digit of h?
2
Let w be (-3 + 2 - 326)/(-1). Suppose -y = -2*y + w. Suppose -3*z = -9, -2*r + y = r + 2*z. What is the hundreds digit of r?
1
Suppose 5*x - 118200 = 5*a, 0 = 4*x + 4*a + 12156 - 106708. What is the units digit of x?
9
Let y(g) = 2*g**2 - 6*g + 10. Let l be (-11 + -4)*(-8)/6. What is the hundreds digit of y(l)?
6
Suppose -45*t + 1214940 - 222212 = -644372. What is the tens digit of t?
8
Suppose i - 4*y = 7080, -10*y + 6*y + 14112 = 2*i. What is the thousands digit of i?
7
Let t(j) = 1. Let b(f) = 7*f + 7. Let k(o) = b(o) + 4*t(o). Let q be k(0). Suppose -q*i + 842 - 116 = 0. What is the units digit of i?
6
Let s be 672 - (2 + -17) - (-1 - -2). Suppose -g + 8*c + s = 4*c, -2*g = -2*c - 1360. What is the units digit of g?
8
Let y(k) = k**2 - 10*k + 13. Let w be y(10). Suppose 2*a = 3*m + 3*a - 7, -5*a = -m + w. Let q(x) = 15*x - 1. What is the units digit of q(m)?
4
Let b(u) = u. Let a(h) = 34*h - 5. Let f(k) = -a(k) + 6*b(k). Let v = -636 + 629. What is the hundreds digit of f(v)?
2
Let j = 297 - 202. Suppose 0 = -97*m + j*m + 36. What is the units digit of m?
8
Let v(m) = 2*m**2 + 82*m + 364. Let q be v(-36). Suppose -4*b = b - 15. Suppose q*k = 33 + b. What is the units digit of k?
9
Suppose 16 = -5*l + 56. Suppose 3*i + 4*m + 19 = -2*i, 3*i - m = -l. What is the units digit of (-13357)/(-95) + i/5?
0
Suppose -q = -3*b + 6 + 4, 4*b = 4*q + 40. Let k(z) = -2*z**3 - 11*z**2 - 5. Let o be k(q). What is the tens digit of (-4)/(-16) - o/(-20)?
4
Let v(i) = 2*i**3 + 18*i**2 + 9*i - 12. Suppose 2*o = -2*y - 8, -22 = 3*o - y + 2*y. Let n be v(o). Let q = -60 - n. What is the tens digit of q?
3
Suppose -13*v - 988 = -17*v. Let a = v + -154. What is the units digit of a?
3
Let i be 6/(-39) - (-270)/65. Let a be (i/(-8))/(1/(-18))*2. Suppose a*l = 21*l - 411. What is the hundreds digit of l?
1
Let d = 10813 - -3263. What is the hundreds digit of d?
0
Suppose -g + 23 = -15. Let x = g - -68. What is the hundreds digit of x?
1
Let d(r) = r**2 + 8*r - 11. Let w be d(-9). What is the units digit of 12207/585 - 2*w/30?
1
Let b(s) = s**3 + 7*s**2 + 11*s - 5. Let u be b(-7). Let c = u - -177. What is the units digit of (3 + c/(-15))/((-3)/36)?
0
Let t = 160859 - 93618. What is the hundreds digit of t?
2
Let h(o) = -42*o + 197. Let a be h(11). Let w be (-106)/(-3) - (-10)/15. What is the units digit of w/(-45)*a/2?
6
Suppose 0 = -g + 2*q - 291, 4*q + 1385 = -g - 4*g. Let u = g + 498. What is the units digit of u?
7
Suppose -13106636 - 3846937 = -357*f. What is the ten thousands digit of f?
4
Suppose -5*k + s - 3 = 0, -s + 5 = 4*k + 2. Suppose -4*g - 4*j = -1127 - 1049, -5*g + 5*j + 2700 = k. What is the hundreds digit of g?
5
Let r = 4 - 22. Let w be (-4)/(-3) + (-24960)/r. Suppose -11*z - 255 + w = 0. What is the tens digit of z?
0
Let f(n) = 297*n + 5731. What is the thousands digit of f(92)?
3
Let c = 48738 - 30766. What is the units digit of c?
2
Let j = 80 - 173. Let o(q) = -42*q - 28. Let m be o(-4). Let w = j + m. What is the tens digit of w?
4
Let s(y) be the first derivative of y**3/3 - y**2/2 + 33*y - 42. What is the tens digit of s(-7)?
8
What is the units digit of -38 + 21 - -14 - (0/(-1) - 1663)?
0
Suppose -632808 = -61*y + 14*y. What is the units digit of y?
4
Suppose 4*u = p + 67, 0*p + 79 = -p + u. Let f = p - -127. Suppose 3*q + 248 = 7*q - 4*g, -q + f = 5*g. What is the units digit of q?
9
Let z be (-3 + -2)/(4/(-24)). Suppose 0 = -3*y + 1545 + z. Suppose -6*t = -t - y. What is the units digit of t?
5
Suppose 9*w = 9*w - 23*w + 392173. What is the tens digit of w?
5
Suppose 4*a = 8*a - 196. Let i(j) = -3*j - 12. Let x be i(-8). Let w = a + x. What is the tens digit of w?
6
Suppose 38*o - 16259 - 75510 = -19113. What is the thousands digit of o?
1
Let a(b) = 5*b**2 + 1. Let m be a(-1). Let d = 425 - 422. Suppose -m*v + d*v = -114. What is the units digit of v?
8
Let k = -3359 - -4869. Suppose p + 1518 = n, 19*p + k = n + 14*p. What is the units digit of n?
0
Let s = 198 - 186. Let p(h) = 22*h - 14. What is the units digit of p(s)?
0
Let t(h) = -2*h**2 - 14*h + 1. Let s be t(-7). Let g be s/(-3)*3 - 6. Let n(a) = a**3 + 6*a**2 - 10*a + 4. What is the units digit of n(g)?
5
Suppose -11*w = -14*w + 9. Suppose 4*u = 3*x + 6, u - 2*u - w*x - 6 = 0. Suppose u = 3*f - 113 + 14. What is the tens digit of f?
3
Let q(i) = -i + 17. Let h be q(7). Suppose 482*d - 17 = 465*d. What is the units digit of (h/50)/(d/55)?
1
Let g(o) = -o**2 + 17*o + 10. Suppose 5*u = -4*l + 44, -4*l + 31 = 3*u + 3. Let v be 104/18 - (u/(-36) + 0). What is the units digit of g(v)?
6
Suppose 2*w - 8 = -2*c - w, 22 = -5*c + 3*w. What is the tens digit of -2 - (1/(-1))/(c/(-338))?
6
Suppose -7*x = 4595 + 25. Let z = x - -686. What is the tens digit of z?
2
Suppose -74*s - 5*c - 170501 = -78*s, 213121 = 5*s - c. What is the hundreds digit of s?
6
Let k(l) = -2*l - 2. Let a be k(-5). Suppose -459 + 11 = -a*z. Suppose -5*b = -2*y - z - 1, 2 = -2*y. What is the tens digit of b?
1
Suppose -3*r = -f - 3759, -f = 2*f. Let v = r + -676. What is the hundreds digit of v?
5
Let a be ((-5768)/(-84))/((-4)/6). Let k = 107 + a. Suppose h - k*h = -741. What is the tens digit of h?
4
Suppose -16*i + 26*i = 82630. What is the tens digit of i?
6
Suppose 13*h = 18*h - 25. Suppose 4*k + h*u - 750 = 0, 0 = 3*k - 0*u + 2*u - 566. Suppose t + t = k. What is the units digit of t?
5
Let s be ((-3)/9)/(1/(-48)). Let w(z) = -z**3 + 16*z**2 - 2. Let d be w(s). What is the hundreds digit of (-6)/d + -2*435/(-5)?
1
Let j = 95 + 149. Suppose 2*s = -2*v + j, -2*s = 3*s - 4*v - 592. What is the hundreds digit of s?
1
Let j(a) = 153*a + 47. Let b be 1 + (0 - 5 - -1 - -5). What is the units digit of j(b)?
3
Let h = -105 + 108. Let r be ((-45)/(-12))/(h/(-160)). Let q = -61 - r. What is the units digit of q?
9
Suppose -6*q = -4*q - 26. Suppose -3542 = -q*c + 1879. What is the units digit of c?
7
Suppose -6*f = 4*f + 16810. Let q = -635 - f. What is the hundreds digit of q?
0
Let j = -17542 + 30674. What is the hundreds digit o